2*s - 2*b - 18, -2*s + 0*s - 19 = 3*b. Let y(h) = 2*h**2 + 12*h + 14. What is the tens digit of y(s)?
4
Suppose f = v + 2, -v - f = 2*f - 14. Let n(c) = c**2 + 4 + c + 0*c**v - 5 + 4*c. What is the units digit of n(-8)?
3
Let f be 1603/77 - (-2)/11. Let i = f - -50. What is the units digit of i?
1
Suppose d - 3*d = -32. Let j = 25 - d. Suppose 5*q - 75 = -5*h, -q + j - 26 = -h. What is the tens digit of h?
1
Let q(u) = 3*u + 9. Let m be q(7). Suppose -2*v + 8 = -m. Suppose 5*y - 5 = c, -5*y + v = -3*y + 3*c. What is the units digit of y?
2
What is the tens digit of (776/12)/(0 + 10/15)?
9
Suppose 16 = g - 8. Let i be ((-4)/8)/(1/(-108)*-3). Let q = i + g. What is the units digit of q?
6
Let b = -486 - -484. Suppose 2*p - p = 5. Let v = p + b. What is the units digit of v?
3
Suppose -2*i = 3 - 17. Let n = 9 - i. Suppose 0*k - n*k = -30. What is the tens digit of k?
1
Suppose 5*h = -m + 35, 3*h - 28 = -h - 4*m. Suppose k + 6 = h. What is the tens digit of k/(-2*2/(-48))?
1
Suppose 0*a = -2*a - 92. What is the tens digit of (a/8)/((-3)/(0 + 36))?
6
Suppose -3*u = -r - 4*u + 14, -2*r = -2*u - 8. Suppose -w = 2*w - r. Suppose -w*y + 40 = -2. What is the tens digit of y?
1
What is the tens digit of (1/2)/(34/24684)?
6
Let w = -43 + 47. Suppose 4*b - o = 2*o + 298, w*b = o + 294. What is the units digit of b?
3
Let y(d) = -d + 63. What is the tens digit of y(29)?
3
Let p(r) = -3*r + 2 + r - 2*r - 3*r. Let k be p(-3). Suppose -h + k = -2. What is the tens digit of h?
2
Let l(o) = 9*o**2 + 7*o + 17. What is the tens digit of l(5)?
7
Suppose 2*f - 15 = -f. Suppose 491 = f*u - u - 5*d, -4*u = 3*d - 499. What is the tens digit of u?
2
Suppose -t - 18 + 53 = 5*r, r - 4*t = -14. Suppose 5*c - 2*c = 6. Suppose c*l + 46 = 2*z, r*z - l = z + 111. What is the units digit of z?
2
Let g be (2 - 0) + 3 + 0. Let j(z) = 4 + g*z - 5 + 3 - 4. What is the units digit of j(5)?
3
Suppose 4*a - 26*d + 30*d = 304, -2*d = -4*a + 316. What is the units digit of a?
8
Suppose -b - 20 = -21. What is the hundreds digit of (b - 0)/((-11 + 4)/(-931))?
1
Let w(t) = 31*t**2 - 3*t - 2. Let u(j) = -j - 1. Let n(r) = -2*u(r) + w(r). Let g = 13 - 12. What is the tens digit of n(g)?
3
Let r = 3852 - 1914. What is the tens digit of r?
3
Let i(g) = 431*g**3 + g**2 + g - 2. What is the hundreds digit of i(1)?
4
Let s(k) = 12*k**3 - 2*k**2 + 2*k - 1. What is the tens digit of s(1)?
1
Let o = 131 - -83. What is the units digit of o?
4
Let c = -41 + 43. Suppose -v = -73 - c. What is the units digit of v?
5
What is the tens digit of 6*10/15 + (6278 - -4)?
8
Suppose f + 5 = -0*f. Let a = -5 - f. Suppose 0 = 5*m + k - 10, 4*m + 0*k + k - 8 = a. What is the units digit of m?
2
Suppose 0 = 2*t + t + 3*a - 15, -3*a = -t - 7. Let m(d) = 47*d - 101*d + 2*d**2 + 49*d + 4. What is the units digit of m(t)?
2
What is the tens digit of (0 + -1830)/(14/(-21)) + 7?
5
Suppose 30*y - 1671 = 27*y. What is the tens digit of y?
5
Let h(s) be the first derivative of -s**2/2 - 2*s + 4. Let t be h(-6). Suppose t*j - 12 = -0*j. What is the units digit of j?
3
Suppose w - 3902 - 3288 = -2*a, -2*w - 17957 = -5*a. What is the tens digit of a?
9
Let m be (-282)/(-24)*(-14 - -2). Let i = m - -207. What is the units digit of i?
6
Suppose 26 = b - 5*v, -3*v - 19 = -3*b + 11. What is the tens digit of 6*b/36*168?
6
Suppose -13470 = -s - 14*s. What is the units digit of s?
8
Let s be (-28)/(-42) + 178/3. Suppose -18*y - s = -23*y. What is the units digit of y?
2
Suppose -3*s + 511 = -f, s - f - 70 = 99. Let l = s - 76. What is the units digit of l?
5
Let q(f) = f**2 + 2*f + 1. Let o be q(0). Suppose -8 = 4*u + 152. What is the units digit of (16/u)/(o/(-60))?
4
Suppose -2*w = n + 5, -4*w + 3 = n + 18. Suppose 0 = -3*s + 14 - 2. Suppose -s*t - 5*c - n = 1, -1 = -3*t - c. What is the units digit of t?
1
Let u(p) = -71*p + 151. What is the thousands digit of u(-22)?
1
Let r = -4 + 9. Suppose 0 = 2*z - r*z. Suppose 0 = -4*u + u - 9, z = 5*y + u - 177. What is the tens digit of y?
3
Suppose -3*x + 2 = -16. Let l(h) = h**3 - 4*h**2 - 9*h + 7. Let c be l(x). Suppose 4*a - c = 23. What is the units digit of a?
2
Suppose 0 = 23*l - 26*l + 5*k + 3794, 0 = -4*l - k + 5051. What is the tens digit of l?
6
Let s(q) = 2*q + 26. Suppose 18*m - 465 = 3. What is the tens digit of s(m)?
7
Suppose 20*i - 936 = 8*i. Let v = 101 - i. What is the tens digit of v?
2
Let t(a) = -a**3 + 14*a**2 - 5*a + 18. What is the tens digit of t(12)?
4
Suppose -9*h = -17*h + 3632. What is the hundreds digit of h?
4
Let n = -39 - -37. What is the units digit of 8/(-6)*n/(4/159)?
6
Let y(c) = -2*c**3 - 2*c**2 + 129. What is the hundreds digit of y(0)?
1
Let a(w) = w**3 - w**2 + 4*w - 4. Let j be a(3). Let m = j + -23. Suppose m*i - 28 = 113. What is the units digit of i?
7
Let l(j) = -j**2 - 9*j - 5. Let v be l(-8). Suppose v*g - 15 = -2*g. Suppose -g*u - 39 = 2*c - 139, -u + 20 = -2*c. What is the units digit of u?
0
Let f(b) be the first derivative of -b**4/2 - 5*b**3/3 - 3*b**2/2 - 3. What is the tens digit of f(-3)?
1
Suppose 5*u = -5*u + 1920. Suppose -9*p + u = -42. What is the units digit of p?
6
Suppose 0 = 5*i - 2*a - 5141, 5144 = 3*i + 2*i - 3*a. What is the thousands digit of i?
1
Suppose 0 = f - d - 595, -f + 4*d + 281 + 323 = 0. What is the units digit of f?
2
Suppose -7*f + 8*f = -20. Let n(b) = -6*b + 3. What is the units digit of n(f)?
3
Let l(c) = -4*c - 3. Let m be l(-7). Suppose -m = r - 6*r. Suppose r*p + 54 = 3*k, -k - 3*p = -0*p - 32. What is the tens digit of k?
2
Suppose 0 = 2*t - 4*q + 4 - 2, 0 = -t - q + 8. Suppose t*v - 243 = 2*v. What is the tens digit of v?
8
Suppose 59*t + 1050 = 62*t + 4*k, 4*t - 4*k = 1428. What is the tens digit of t?
5
Let z be 1/(-2*1/(-8)). Let v(m) = 4*m**3 - 31*m**2 - 9*m + 12. Let t be v(8). Suppose 0 = -z*p, 70 = 4*f - t*p - 170. What is the units digit of f?
0
What is the tens digit of (-1752)/(-4) - (11 - 5)?
3
What is the hundreds digit of (1107 - (-6 + -1)) + 6?
1
Suppose 4*g + 382 = 2*h, -56 = -3*h - 3*g + 481. What is the hundreds digit of h?
1
Let g(z) = 7*z**2 + 3*z + 13. What is the tens digit of g(11)?
9
Suppose -5*o + 14 + 1 = 0. Suppose -m - 8 = o*m. What is the units digit of ((-3)/m)/((-15)/(-50))?
5
Let h be (-12)/(-20) + 1/((-5)/(-147)). Let o = h + -27. What is the units digit of o?
3
Let u be 2/(-8) + (1170/8)/1. Suppose q = u - 25. What is the tens digit of q?
2
Suppose -28*s + 25*s = -9. What is the units digit of ((-2)/s)/((-14)/2856)?
6
Let h(p) = 2*p + 38. Let q be h(-16). What is the units digit of (18/(-5))/q*-95?
7
Let f be 0/((-2 - -1) + 2). Suppose f = -j - 0*j. What is the units digit of -3 + (1 + j)*9?
6
Let y be (-1 - -5) + (-6 - 17). What is the tens digit of (y - -56) + (0 - -1)?
3
Suppose y = 4*f - 3, 4*f - 5*y = -2*y - 7. What is the units digit of (-1 + 4/f)/((-5)/(-190))?
8
Let t = -31 + 32. Let g = 3 + t. Suppose -g*m - 5*f + 178 = -0*f, m = f + 40. What is the units digit of m?
2
What is the thousands digit of (52/14)/((-54)/(-29673))?
2
Let a(y) = -11*y + 151. What is the hundreds digit of a(-6)?
2
Let q = -2101 + 3778. What is the units digit of q?
7
Let k(x) = x**3 + 9*x**2 + 10*x - 6. Let g be k(-11). Let m = -232 - g. What is the units digit of m?
6
Suppose 2*u + 5*v = 2606, 9 = -3*v - 3. What is the thousands digit of u?
1
Let j(l) = -l + 11. Let q be j(12). What is the tens digit of (-4 - q) + 105 - 0?
0
What is the thousands digit of ((-132645)/444)/((-1)/4)?
1
Let y = -38 - -572. Let w = -324 + y. Suppose 4*z + 2*n = z + 146, 0 = 5*z - 5*n - w. What is the units digit of z?
6
Suppose -5*j - 2 + 62 = 0. Let t be 6 + (j/4 - 4). Suppose -3*g - 4*c + 81 = -t*c, g = -5*c + 11. What is the units digit of g?
6
Suppose -21 = -4*g - 1. Let x(w) = 3*w - 2*w - 2*w - 3 + g*w. What is the units digit of x(2)?
5
Let j(b) = 88*b**2 + 32*b + 8. What is the hundreds digit of j(-4)?
2
Let s be ((-1)/3)/(4/132). Let n(q) be the third derivative of -q**4/12 + 11*q**3/6 - q**2. What is the units digit of n(s)?
3
Let j(h) = -9*h + 54. Let x(f) = -5*f + 27. Let k(v) = -6*j(v) + 11*x(v). Let g(s) = -13. Let r(w) = 7*g(w) - 3*k(w). What is the units digit of r(12)?
6
Suppose -4*z = 3*c - 6*c + 84, 4*z = 0. Suppose 29*s = c*s + 56. What is the tens digit of s?
5
Suppose 16025 + 4655